(k) = 4*k - 90. Let t be f(23). Suppose 0*r - t*r - 480 = -5*m, 0 = -2*m - 5*r + 163. What is the remainder when m is divided by 32?
30
Let y be 1/3 - (-3 - (-473)/(-3)). Let o = -148 + y. What is the remainder when o is divided by 1?
0
Let t(c) = 31*c**2 - 32*c + 59. Calculate the remainder when 3331 is divided by t(2).
118
Let i = 175832 + -175723. Let a = 57 - 26. What is the remainder when i is divided by a?
16
Let d(t) = 24*t**3 + 3*t**2 + t. Let r be d(-2). Let k = r + 289. Suppose -3933*g = -3966*g + 594. What is the remainder when k is divided by g?
17
Let m be 8/(-2) - (2 - 11). Suppose 2*u - 6*u - m*a + 7 = 0, 4*a - 20 = -5*u. What is the remainder when 74 is divided by u?
2
Let n be (-44)/(-4) + 3 + -4. Calculate the remainder when (45/(-25))/9 - (-2532)/n is divided by 64.
61
Let m(k) = k**3 + 17*k**2 + 28*k - 21. Let q be m(-15). What is the remainder when 68 is divided by (666/(-27))/((-6)/q)?
31
Suppose j + w + 5 = 25, 2*j + 4*w = 38. Suppose 0 = -4*m + 5*m - j. What is the remainder when 56 is divided by m?
14
Suppose -30*d + 11581 = -20*d + 27*d. Calculate the remainder when 390 is divided by d.
77
Suppose 0*o - 2*b - 50 = 4*o, -5*o = -4*b + 95. Let g be 0 - 2/1*o. Suppose -g = -17*z + 11*z. Calculate the remainder when z is divided by 2.
1
Let c be (-4)/3*111/(-2). Let s = 76 - c. Suppose -4*q = s*p + 2*p - 112, 5*p = 5*q - 90. Calculate the remainder when q is divided by 7.
2
Suppose 40*m = 12*m + m + 5049. Calculate the remainder when 363 is divided by m.
176
Suppose -9*i + 28*i = 114. Suppose 4*o - 2*j + 434 = i*o, -4*j + 211 = o. What is the remainder when o is divided by 56?
51
Let c(z) = z**2 + 66*z + 1680. What is the remainder when c(-124) is divided by 87?
85
Suppose -292*i - 33715 = -80*i - 93923. What is the remainder when i is divided by 108?
68
Let r = 233 - 200. Let q be (-4 - -3)/(1/(-2)). Calculate the remainder when 165 is divided by -7 + r + q/1*-1.
21
Suppose -3*g = -5*y + 517, -3*y + 2*g - 497 = -8*y. Let o = -35 + y. Let z = 204 - 190. What is the remainder when o is divided by z?
10
What is the remainder when 756 is divided by 3 - (1/7 - 520/14)?
36
Suppose 0*j = 5*j. Suppose j = -2*q + 7*q - 30. Calculate the remainder when q is divided by (-3)/((-9)/12) + -2.
0
Suppose -4*w + u - 5*u + 84 = 0, -2*w = -4*u - 30. Let s = 50 - w. Let a = -6 + s. Calculate the remainder when a is divided by 13.
12
Let t(y) = -y**3 + 8*y**2 + 18*y - 7. Let h be t(8). Let m = -116 + h. What is the remainder when 124 is divided by m?
19
Let j = 94 - 13. Let y(x) = 25*x**2 + 23*x + 177. Let q be y(-7). Let f = q + -1229. Calculate the remainder when j is divided by f.
9
Calculate the remainder when (16/(-14))/((-24)/(-196))*-6 is divided by (-50)/725 + (-3372)/(-116).
27
Suppose 4*q = 2*a - 356, -17*a + 4*q + 178 = -16*a. What is the remainder when 273 is divided by a?
95
Let k(l) = -3*l**3 - 4*l**2 + l - 2. Suppose 8*i + 4358 = 4470. What is the remainder when k(-4) is divided by i?
10
Suppose 0 = -53*s + 46*s + 77. Calculate the remainder when 69 is divided by s.
3
Suppose -l = 4*b - 385, -4*l + 4*b + 1507 = -133. Calculate the remainder when 1629 is divided by l.
9
Suppose -4*j + 53*j - 5381 = 4468. Calculate the remainder when 999 is divided by j.
195
Let r(c) = 24*c**3 + c - 2. Suppose -476 = -43*j + 3867. Calculate the remainder when r(2) is divided by j.
91
Suppose -2*k = k - 3*h - 27, 4*h + 32 = 3*k. Suppose -k*q + 2*q + 6 = 0. Suppose -4*n = q*n - 35. Calculate the remainder when 29 is divided by n.
4
What is the remainder when 12/14*(-146790)/(-135) is divided by 78?
74
Let l be (10/25)/((-3)/(-60)). Suppose -9*q + 36 = -l*q. Calculate the remainder when q is divided by 13.
10
Let m(s) = s**2 + 14*s - 119. Calculate the remainder when 5401 is divided by m(7).
25
Let f(v) = 5*v**2 - 5*v - 60. Suppose -2*p + 42 = 5*p. Calculate the remainder when 445 is divided by f(p).
85
Let n be 3*(2/4)/((-42)/(-56)). Suppose -4*f - 22 = -d + 25, n*d - 104 = -2*f. What is the remainder when d is divided by 9?
6
Let i be (-5270)/(-15) + -3 + (-8)/(-3). Suppose 6*c + 3*c - i = 0. Calculate the remainder when 143 is divided by c.
26
Let t(r) = r**3 - 7*r**2 - 4*r - 27. Let l be t(8). Suppose 3*y - 3*x - 1593 = 0, 15*x = -l*y + 19*x + 2650. What is the remainder when y is divided by 31?
30
Calculate the remainder when (-564)/(-14)*8155/466 is divided by 65.
55
Let h = 20 + 285. Suppose h = 5*l - 895. Suppose -4*s + 7*s - l = 0. What is the remainder when s is divided by 21?
17
Let q(n) = n**3 - 7*n**2 + 14*n + 12. What is the remainder when 1146/15*16/((-208)/(-65)) is divided by q(5)?
30
Suppose -16*l - 33*l - 267 = -1982. Calculate the remainder when 188 is divided by l.
13
Let j = -750 + 1048. What is the remainder when j is divided by 1135/75 + 16/(-120)?
13
Let c = -202 + 164. Let n(m) = m**3 + 39*m**2 + 36*m - 63. Calculate the remainder when 65 is divided by n(c).
0
Let m(t) = -4*t**3 + 8*t**2 - 9*t - 1. Let i be m(4). Let l = i - -200. What is the remainder when 52 is divided by l?
17
Let p(a) = a + 50. Let c be 1893/(-6) + (0 - (-7)/14). Let q = c - -324. What is the remainder when p(0) is divided by q?
5
Suppose 0 = 4*u + 29*z - 4287, -5*u = 5*z - 2608 - 2782. What is the remainder when u is divided by 34?
25
Suppose 10 = j + 8. Suppose -j*o + 3*c + 62 = 0, 5*o = -0*c - 5*c + 130. What is the remainder when 27 is divided by -3 + 68/28 + 296/o?
7
Suppose 0 = 3*d + 16 - 1, -b - 5*d - 92 = 0. Let i = b + 69. What is the remainder when 5 is divided by i?
1
Suppose 20*r - 18*r - 110 = 0. Suppose 678 = 14*n - 6238. Calculate the remainder when n is divided by r.
54
Let k be (5 - 3 - -35)/1. Suppose k*y - 25*y = 2340. What is the remainder when y is divided by 11?
8
Let z(m) = 6*m**2 + 77*m - 19. What is the remainder when z(-16) is divided by 93?
6
Suppose -4*h = 2*v + 595 - 195, -v + 5*h - 193 = 0. Let t = v + 295. Calculate the remainder when t is divided by 33.
31
Suppose 5*s = -2*t + 2578 + 915, -5*s + 3496 = -t. Calculate the remainder when s is divided by (-5 + 44)*((-104)/182)/(6/(-21)).
75
Let z = -818 + 823. What is the remainder when 38 is divided by (75/10 - z)/(6/24)?
8
Let l(h) = -h**3 + h**2 - 7. Let k be l(0). Let f(d) = -11 - 12*d + 5 + 2 - 9. What is the remainder when f(k) is divided by 12?
11
Let s = -40 - -22. Let j = s + 21. Suppose 3*t + 79 = j*v - 41, 0 = 5*t + 5. What is the remainder when v is divided by 20?
19
Let f = 4402 - 3123. Calculate the remainder when f is divided by 21.
19
Suppose -145 = -2*u - 27*u. Suppose 3*f + u*h - 270 = 0, 4*f + 0*h = 2*h + 360. What is the remainder when f is divided by 46?
44
What is the remainder when 869 is divided by (-4)/((33/(-297))/((1 - 2)/(-4)))?
5
Suppose -4*m = 4*i - 0*i - 32, 5*m - 22 = -2*i. Suppose 0 = -34*g + 32*g - i. Calculate the remainder when 23 is divided by (-1 - g)/((-9)/(-63)).
9
Suppose -25*k + 1076 + 2086 = -363. Calculate the remainder when 589 is divided by k.
25
Suppose 3*q = 4*q + 2*t - 351, 0 = 5*q + 2*t - 1739. Let y = -309 + q. Calculate the remainder when 148 is divided by y.
34
Let m = -3907 + 4111. What is the remainder when m is divided by 11?
6
Suppose 205*k - 210*k = 0. Suppose k = f + 24*f - 950. What is the remainder when f is divided by 10?
8
Let w(c) be the first derivative of -c - 27/2*c**2 + 5. Calculate the remainder when w(-2) is divided by 18.
17
Let a = -8539 + 9064. What is the remainder when a is divided by 78?
57
Let t(v) = v**2 + 20*v - 26. Let x be t(-22). Suppose -2812 = -x*s + 5792. What is the remainder when s is divided by 121?
115
Let x be 4/(-18) + (-4192)/(-72). Suppose -2*i = 4*v - x, -4*i - 4*v - 9 = -133. Suppose i*d = 30*d + 63. Calculate the remainder when d is divided by 12.
9
Suppose -1411 = -22*x - 1037. Let v = -1 + 1. Suppose -2*j + v*j = -12. Calculate the remainder when x is divided by j.
5
Let o(y) = -y**3 + 137*y**2 + y - 131. What is the remainder when 1971 is divided by o(137)?
3
Suppose d + 2*c = 42, 5*d - 119 = 3*c + 65. Calculate the remainder when 908 is divided by d.
34
Let g(y) = -2*y + 4. Suppose 3*a = 4*a + 11. Let i(u) = u**3 + 11*u**2 + u + 7. Let w be i(a). What is the remainder when g(w) is divided by 9?
3
Suppose -490 - 470 = -12*a. Suppose -7*w + 17*w - a = 0. Calculate the remain